17818?
2, 59, 151
List the prime factors of 10617.
3, 3539
What are the prime factors of 48137?
37, 1301
List the prime factors of 1419.
3, 11, 43
List the prime factors of 1347.
3, 449
What are the prime factors of 16395?
3, 5, 1093
List the prime factors of 5113.
5113
List the prime factors of 1362.
2, 3, 227
List the prime factors of 53955.
3, 5, 11, 109
List the prime factors of 37801.
103, 367
What are the prime factors of 831?
3, 277
List the prime factors of 1189.
29, 41
List the prime factors of 5300.
2, 5, 53
List the prime factors of 846.
2, 3, 47
What are the prime factors of 7110?
2, 3, 5, 79
List the prime factors of 3546.
2, 3, 197
List the prime factors of 1239.
3, 7, 59
What are the prime factors of 4403?
7, 17, 37
What are the prime factors of 19557?
3, 41, 53
List the prime factors of 912.
2, 3, 19
What are the prime factors of 31961?
31, 1031
What are the prime factors of 96?
2, 3
List the prime factors of 19400.
2, 5, 97
List the prime factors of 39361.
7, 5623
List the prime factors of 26763.
3, 11, 811
What are the prime factors of 21197?
11, 41, 47
What are the prime factors of 128414?
2, 11, 13, 449
List the prime factors of 7320.
2, 3, 5, 61
List the prime factors of 4801.
4801
What are the prime factors of 2276?
2, 569
What are the prime factors of 2874?
2, 3, 479
List the prime factors of 26925.
3, 5, 359
What are the prime factors of 5439?
3, 7, 37
List the prime factors of 8613.
3, 11, 29
What are the prime factors of 1083?
3, 19
List the prime factors of 623.
7, 89
List the prime factors of 10990.
2, 5, 7, 157
What are the prime factors of 61106?
2, 30553
List the prime factors of 4026.
2, 3, 11, 61
What are the prime factors of 16160?
2, 5, 101
What are the prime factors of 1019?
1019
List the prime factors of 2586.
2, 3, 431
What are the prime factors of 5096?
2, 7, 13
List the prime factors of 564.
2, 3, 47
List the prime factors of 1850.
2, 5, 37
List the prime factors of 3090.
2, 3, 5, 103
List the prime factors of 594.
2, 3, 11
What are the prime factors of 1049?
1049
What are the prime factors of 19996?
2, 4999
What are the prime factors of 180?
2, 3, 5
What are the prime factors of 23784?
2, 3, 991
List the prime factors of 15363.
3, 569
List the prime factors of 4845.
3, 5, 17, 19
What are the prime factors of 3985?
5, 797
List the prime factors of 17370.
2, 3, 5, 193
List the prime factors of 3611.
23, 157
List the prime factors of 23738.
2, 11, 13, 83
What are the prime factors of 48238?
2, 89, 271
List the prime factors of 23776.
2, 743
List the prime factors of 1159.
19, 61
List the prime factors of 51155.
5, 13, 787
What are the prime factors of 1592?
2, 199
What are the prime factors of 112743?
3, 12527
What are the prime factors of 15855?
3, 5, 7, 151
What are the prime factors of 1557?
3, 173
What are the prime factors of 3475?
5, 139
What are the prime factors of 4921?
7, 19, 37
List the prime factors of 55531.
7, 7933
What are the prime factors of 8164?
2, 13, 157
What are the prime factors of 3702?
2, 3, 617
List the prime factors of 117108.
2, 3, 3253
List the prime factors of 29476.
2, 7369
What are the prime factors of 2779?
7, 397
What are the prime factors of 1480?
2, 5, 37
What are the prime factors of 13713?
3, 7, 653
List the prime factors of 2039.
2039
What are the prime factors of 879?
3, 293
What are the prime factors of 3437?
7, 491
List the prime factors of 108.
2, 3
List the prime factors of 18283.
47, 389
List the prime factors of 16948.
2, 19, 223
What are the prime factors of 6451?
6451
List the prime factors of 668.
2, 167
What are the prime factors of 807?
3, 269
List the prime factors of 641.
641
What are the prime factors of 30871?
30871
List the prime factors of 10911.
3, 3637
List the prime factors of 4333.
7, 619
List the prime factors of 15357.
3, 5119
What are the prime factors of 32413?
32413
What are the prime factors of 20263?
23, 881
List the prime factors of 14791.
7, 2113
What are the prime factors of 2401?
7
What are the prime factors of 1189?
29, 41
List the prime factors of 551.
19, 29
What are the prime factors of 11874?
2, 3, 1979
What are the prime factors of 20139?
3, 7, 137
What are the prime factors of 2018?
2, 1009
What are the prime factors of 2116?
2, 23
List the prime factors of 10969.
7, 1567
What are the prime factors of 50572?
2, 47, 269
List the prime factors of 176423.
13, 41, 331
What are the prime factors of 11814?
2, 3, 11, 179
What are the prime factors of 2494?
2, 29, 43
List the prime factors of 11800.
2, 5, 59
List the prime factors of 2389.
2389
What are the prime factors of 12704?
2, 397
List the prime factors of 561.
3, 11, 17
List the prime factors of 63826.
2, 7, 47, 97
List the prime factors of 9221.
9221
List the prime factors of 7040.
2, 5, 11
What are the prime factors of 5685?
3, 5, 379
What are the prime factors of 3342?
2, 3, 557
List the prime factors of 35586.
2, 3, 659
What are the prime factors of 2906?
2, 1453
What are the prime factors of 9029?
9029
List the prime factors of 1098.
2, 3, 61
What are the prime factors of 23644?
2, 23, 257
List the prime factors of 56304.
2, 3, 17, 23
List the prime factors of 7711.
11, 701
What are the prime factors of 36695?
5, 41, 179
List the prime factors of 4417.
7, 631
List the prime factors of 966.
2, 3, 7, 23
What are the prime factors of 10125?
3, 5
List the prime factors of 19943.
7, 11, 37
List the prime factors of 754.
2, 13, 29
List the prime factors of 7232.
2, 113
What are the prime factors of 33517?
11, 277
List the prime factors of 50922.
2, 3, 23, 41
List the prime factors of 1990.
2, 5, 199
List the prime factors of 886.
2, 443
What are the prime factors of 702?
2, 3, 13
What are the prime factors of 18755?
5, 11, 31
List the prime factors of 2192.
2, 137
List the prime factors of 238.
2, 7, 17
What are the prime factors of 719?
719
What are the prime factors of 615?
3, 5, 41
List the prime factors of 6421.
6421
What are the prime factors of 118917?
3, 73, 181
List the prime factors of 27000.
2, 3, 5
What are the prime factors of 1236?
2, 3, 103
List the prime factors of 1877.
1877
List the prime factors of 2032.
2, 127
List the prime factors of 852.
2, 3, 71
List the prime factors of 7073.
11, 643
List the prime factors of 831.
3, 277
List the prime factors of 1019.
1019
List the prime factors of 5170.
2, 5, 11, 47
What are the prime factors of 110768?
2, 7, 23, 43
List the prime factors of 21296.
2, 11
List the prime factors of 4683.
3, 7, 223
What are the prime factors of 7587?
3, 281
List the prime factors of 6565.
5, 13, 101
List the prime factors of 1068.
2, 3, 89
List the prime factors of 3659.
3659
What are the prime factors of 836?
2, 11, 19
What are the prime factors of 24217?
61, 397
What are the prime factors of 25515?
3, 5, 7
List the prime factors of 7818.
2, 3, 1303
List the prime factors of 10.
2, 5
List the prime factors of 49931.
7, 1019
What are the prime factors of 2611?
7, 373
What are the prime factors of 124137?
3, 13, 1061
What are the prime factors of 173470?
2, 5, 11, 19, 83
What are the prime factors of 85842?
2, 3, 19, 251
What are the prime factors of 42479?
107, 397
What are the prime factors of 7555?
5, 1511
List the prime factors of 65398.
2, 19, 1721
List the prime factors of 1035.
3, 5, 23
List the prime factors of 8673.
3, 7, 59
List the prime factors of 686.
2, 7
What are the prime factors of 2115?
3, 5, 47
List the prime factors of 3752.
2, 7, 67
What are the prime factors of 1791?
3, 199
What are the prime factors of 8301?
3, 2767
What are the prime factors of 4294?
2, 19, 113
What are the prime factors of 7421?
41, 181
What are the prime factors of 4234?
2, 29, 73
List the prime factors of 5146.
2, 31, 83
List the prime factors of 32475.
3, 5, 433
What are the prime factors of 73389?
3, 17, 1439
What are the prime factors of 1073?
29, 37
What are the prime factors of 376?
2, 47
What are the prime factors of 1300?
2, 5, 13
What are the prime factors of 37997?
37997
List the prime factors of 1058.
2, 23
List the prime factors of 2487.
3, 829
List the prime factors of 97939.
37, 2647
What are the prime factors of 8469?
3, 941
What are the prime factors of 369?
3, 41
What are the prime factors of 2173?
41, 53
List the prime factors